e 14?
603412
1b8501 (base 13) to base 14
144738
3012 (base 4) to base 11
170
Convert 1121402013 (base 5) to base 8.
11512177
Convert -475de (base 15) to base 16.
-37883
-16403330 (base 7) to base 11
-9a1552
What is -1222022000 (base 3) in base 15?
-b7a3
What is -24bba (base 12) in base 9?
-75657
Convert 110010020 (base 3) to base 4.
2022003
Convert -11000101001111010000111 (base 2) to base 6.
-350305451
Convert 100402433 (base 5) to base 16.
62825
Convert -154665 (base 10) to base 5.
-14422130
Convert -51125 (base 10) to base 15.
-10235
What is -2161411 (base 7) in base 12?
-10a66a
What is 1000000001101011111110001 (base 2) in base 12?
5779041
What is 20432 (base 6) in base 9?
3702
What is -1b4da (base 14) in base 12?
-34320
What is -505043 (base 8) in base 12?
-80397
251005 (base 10) to base 3
110202022111
Convert 145301010 (base 6) to base 5.
1240244230
-1275aa9 (base 11) to base 9
-4128447
What is 101011001010101001100 (base 2) in base 14?
28b6a0
-307db (base 16) to base 15
-3dcb4
213324313 (base 6) to base 5
1433243122
-215a1 (base 14) to base 9
-132623
-11101101221 (base 3) to base 13
-3039a
-110201201010 (base 3) to base 15
-4e393
Convert 6608133 (base 11) to base 13.
2534b4c
What is 50450 (base 9) in base 11?
22a19
What is 8282 (base 11) in base 8?
25344
What is 357d42 (base 15) in base 4?
21300132212
What is 13124042440 (base 5) in base 10?
16237245
-22100110011121 (base 3) to base 11
-2560aa4
806722 (base 11) to base 15
1a9595
What is -1111110111101111111 (base 2) in base 4?
-1332331333
Convert -d86f0 (base 16) to base 7.
-10351404
43058 (base 12) to base 13
311b4
What is 2540512 (base 6) in base 2?
100001100101011100
Convert -142335111 (base 6) to base 2.
-1011001001001000110011
-102121403 (base 8) to base 4
-1002022030003
What is -1100022013 (base 4) in base 15?
-67437
212002211002 (base 3) to base 9
762732
-13291c (base 13) to base 2
-1110001000001000100
Convert 201220220122020 (base 3) to base 4.
220120321110
ae54 (base 15) to base 12
19497
Convert 329c1 (base 15) to base 14.
4287d
What is 433604 (base 8) in base 16?
23784
-221122121011 (base 3) to base 10
-504904
What is 3364265 (base 9) in base 3?
10102011022012
What is -1465291 (base 13) in base 14?
-c10c96
What is -535090 (base 15) in base 12?
-13b3000
11222002031 (base 4) to base 5
334423033
Convert 2af9 (base 16) to base 4.
2223321
Convert -94868 (base 12) to base 11.
-123372
Convert -221223302012 (base 4) to base 11.
-6193883
1222010330 (base 4) to base 11
277493
-146 (base 12) to base 11
-170
Convert -d5cd (base 15) to base 11.
-30a55
-5314643 (base 7) to base 8
-2347314
What is -1a9a37a (base 11) in base 15?
-49a335
1757733 (base 8) to base 11
3227a5
What is -291667 (base 12) in base 10?
-686959
What is 202031110103 (base 4) in base 2?
100010001101010100010011
What is -1221311200 (base 5) in base 4?
-23020001021
205626466 (base 7) to base 4
232220310001
Convert 22130000313 (base 4) to base 12.
abb533
Convert 204520340 (base 6) to base 9.
6667056
Convert -286576 (base 9) to base 15.
-36ea9
Convert 4151520 (base 6) to base 5.
22420123
What is 22022100120 (base 3) in base 15?
336d9
Convert -176889 (base 16) to base 3.
-2212221101010
Convert -10040034 (base 5) to base 6.
-1421204
-21133322211 (base 4) to base 10
-2490021
What is -73daf2 (base 16) in base 14?
-1019030
Convert 115b914 (base 15) to base 5.
11141123134
e69e1 (base 15) to base 6
23401204
What is -155501023 (base 6) in base 7?
-40326453
What is -4502435 (base 6) in base 4?
-313030313
Convert 11010101011011001110 (base 2) to base 4.
3111123032
What is -2585c2 (base 14) in base 2?
-100111011001001001110
What is -64323 (base 11) in base 8?
-266566
What is -1101655 (base 12) in base 2?
-1100010110011001100001
6312451 (base 8) to base 14
319001
1953 (base 14) to base 15
1556
101011000220 (base 3) to base 9
334026
What is 7e2816 (base 16) in base 11?
47377a0
What is -10000320311 (base 4) in base 11?
-6595a8
Convert 434480 (base 9) to base 2.
111111010001110111
What is -15a76d (base 15) in base 3?
-1222020111011
-4b9534 (base 13) to base 11
-103343a
Convert 1101111001100000 (base 2) to base 5.
3310203
7372 (base 8) to base 7
14115
What is 12002222110 (base 3) in base 10?
100587
What is 2bc5 (base 15) in base 9?
13815
-32233221233 (base 4) to base 16
-3afa6f
Convert 1002201122221 (base 3) to base 8.
2166666
Convert -6026020 (base 10) to base 12.
-2027344
What is 3544d (base 15) in base 2?
101001011011111011
Convert 42b8a2 (base 12) to base 9.
1881035
8bb7b (base 14) to base 4
1102331001
360942 (base 12) to base 3
1122022111212
Convert 21211001010120 (base 3) to base 6.
225011110
-2ad04 (base 15) to base 8
-415311
What is 336 (base 9) in base 14?
15a
What is -531035 (base 11) in base 9?
-1535652
Convert 3c6c8 (base 16) to base 3.
110120111112
Convert 45c4 (base 14) to base 12.
7028
-11001010011110001 (base 2) to base 12
-4bba9
Convert 240022342 (base 5) to base 14.
207271
What is -3484 (base 9) in base 2?
-101000011011
Convert -3105545 (base 6) to base 15.
-2e258
What is -1762415 (base 9) in base 6?
-33044322
What is -aa2d3 (base 14) in base 12?
-17a641
Convert 1100000011110111 (base 2) to base 5.
3040044
Convert 2636270 (base 12) to base 9.
15158053
Convert 111010010101111 (base 2) to base 4.
13102233
Convert 212120301 (base 5) to base 7.
10415360
-45b37 (base 13) to base 14
-34490
-623334 (base 7) to base 10
-106845
What is -3978ba (base 14) in base 12?
-7b5b10
Convert -36521 (base 16) to base 5.
-24104442
-17556568 (base 9) to base 7
-135050531
33221 (base 5) to base 14
bb1
5314520 (base 8) to base 2
101011001100101010000
3614533 (base 7) to base 2
1101111110001100111
-155521 (base 10) to base 6
-3200001
Convert 2363979 (base 11) to base 12.
1467a21
-23113313223 (base 4) to base 7
-34224666
Convert 113101333 (base 4) to base 11.
65710
100100000111101100 (base 2) to base 15
2dc83
-1edbd (base 16) to base 13
-456bb
What is 10211221212112 (base 3) in base 4?
13303210001
-502775 (base 8) to base 5
-20242443
1d1c3 (base 14) to base 11
50a37
What is -331141053 (base 6) in base 15?
-7c4866
17031330 (base 9) to base 4
200200333122
What is 4f028 (base 16) in base 13?
b43c2
bb7707 (base 12) to base 8
13271067
What is -6464127 (base 8) in base 6?
-101032131
-12703b (base 14) to base 11
-3a32a9
36366 (base 16) to base 12
a8606
What is -600172 (base 8) in base 7?
-1446362
72e969 (base 16) to base 5
3411441412
What is -4c2721 (base 14) in base 15?
-36b0bc
What is -409024 (base 11) in base 8?
-2401521
Convert -3537 (base 11) to base 16.
-121e
What is 232311221 (base 4) in base 3?
100202011112
-38066 (base 11) to base 2
-1101010101110011
Convert -200200100212122 (base 3) to base 9.
-20610778
-231133330 (base 4) to base 3
-100110122101
1213312010 (base 4) to base 16
67d84
Convert -232133434 (base 5) to base 11.
-65972a
271b3b (base 13) to base 15
13a72e
11019 (base 12) to base 6
252033
What is -2a5a78 (base 11) in base 16?
-7452e
Convert 1230022321 (base 4) to base 9.
744684
Convert 91a416 (base 11) to base 3.
2210002022110
What is 41103002 (base 5) in base 2?
1010000111101101011
Convert -aa507 (base 12) to base 5.
-24202432
Convert -12580a (base 11) to base 15.
-3d9cb
What is 12224444 (base 6) in base 11?
248923
Convert -28297 (base 15) to base 9.
-215657
Convert aa1470 (base 12) to base 15.
384663
Convert -33494 (base 10) to base 11.
-2318a
Convert -40809 (base 11) to base 8.
-164225
What is -1000011111000101111 (base 2) in base 7?
-2235452
What is -2533023 (base 9) in base 11?
-862912
41334130 (base 5) to base 12
144863
Convert 3140789 (base 10) to base 15.
42090e
-179497 (base 10) to base 7
-1345213
314a67 (base 16) to base 2
1100010100101001100111
Convert 51041311 (base 6) to base 2.
101100010011101001011
17510 (base 12) to base 6
415220
Convert ede2e (base 15) to base 7.
6265361
Convert -147ac (base 13) to base 12.
-1a46a
What is 4142414 (base 11) in base 9?
14670073
What is -1579b05 (base 13) in base 2?
-11010010101110000000110
Convert -b29a54 (base 12) to base 13.
-76b664
What is -121121222212 (base 3) in base 2?
-1001111111010010101
Convert 561264 (base 7) to base 10.
98928
Convert 204110 (base 7) to base 4.
20203202
-4212 (base 14) to base 3
-120121122
What is 144c7 (base 13) in base 11?
26767
Convert -31564748 (base 9) to